t is the highest common factor of 20 and 20560?
20
What is the highest common divisor of 231 and 132?
33
Calculate the highest common factor of 2187 and 9.
9
What is the greatest common factor of 871 and 13?
13
Calculate the greatest common factor of 1260 and 16128.
252
Calculate the highest common factor of 56 and 32.
8
What is the highest common factor of 84 and 852?
12
Calculate the greatest common factor of 62 and 20.
2
Calculate the greatest common divisor of 715 and 2189.
11
Calculate the greatest common factor of 27 and 2367.
9
Calculate the highest common factor of 320 and 680.
40
Calculate the greatest common divisor of 11603 and 41.
41
Calculate the highest common factor of 280 and 36680.
280
Calculate the highest common factor of 6881 and 14.
7
Calculate the greatest common divisor of 3504 and 300.
12
Calculate the greatest common divisor of 98640 and 30.
30
Calculate the highest common factor of 9387 and 63.
63
What is the greatest common factor of 32 and 1776?
16
What is the highest common divisor of 480 and 16?
16
Calculate the highest common divisor of 351 and 104.
13
What is the highest common factor of 816 and 432?
48
What is the greatest common divisor of 14612 and 52?
52
Calculate the greatest common factor of 180 and 580.
20
Calculate the highest common divisor of 832 and 5200.
208
What is the highest common divisor of 160 and 12?
4
What is the greatest common divisor of 30 and 29745?
15
What is the highest common divisor of 176 and 128?
16
What is the highest common divisor of 120 and 7080?
120
What is the highest common factor of 351 and 27?
27
Calculate the greatest common factor of 17739 and 108.
27
Calculate the greatest common factor of 116 and 406.
58
Calculate the highest common divisor of 98 and 112.
14
What is the greatest common divisor of 2 and 2?
2
What is the greatest common divisor of 48 and 3624?
24
What is the highest common divisor of 21 and 70?
7
What is the highest common divisor of 145 and 5?
5
Calculate the highest common divisor of 260 and 52.
52
What is the greatest common factor of 678 and 18758?
226
Calculate the highest common divisor of 15 and 285.
15
Calculate the highest common factor of 1017 and 9.
9
What is the greatest common factor of 140 and 630?
70
Calculate the highest common factor of 39 and 143.
13
Calculate the highest common divisor of 470 and 10.
10
Calculate the greatest common factor of 114 and 209.
19
Calculate the highest common divisor of 282 and 4935.
141
Calculate the highest common divisor of 770 and 66.
22
Calculate the greatest common divisor of 15 and 70.
5
What is the greatest common divisor of 34 and 119?
17
What is the greatest common factor of 135 and 195?
15
What is the greatest common factor of 330 and 30?
30
Calculate the greatest common factor of 31 and 17.
1
What is the highest common divisor of 1034 and 22?
22
Calculate the highest common factor of 8 and 328.
8
Calculate the highest common divisor of 140 and 190.
10
Calculate the greatest common factor of 186 and 279.
93
What is the highest common divisor of 20 and 410?
10
What is the greatest common divisor of 1707 and 9?
3
What is the highest common factor of 705 and 45?
15
Calculate the highest common factor of 693 and 297.
99
Calculate the highest common factor of 900 and 110.
10
Calculate the highest common divisor of 63 and 45.
9
Calculate the greatest common divisor of 430 and 129.
43
Calculate the greatest common divisor of 24 and 699.
3
Calculate the greatest common factor of 26 and 104.
26
Calculate the greatest common divisor of 1937 and 13.
13
Calculate the highest common divisor of 273 and 1131.
39
Calculate the greatest common factor of 55 and 80.
5
Calculate the greatest common divisor of 52 and 3562.
26
What is the greatest common divisor of 11984 and 336?
112
Calculate the greatest common factor of 5 and 155.
5
What is the greatest common divisor of 966 and 184?
46
What is the greatest common factor of 386 and 14089?
193
What is the greatest common divisor of 28 and 476?
28
Calculate the greatest common factor of 10 and 40.
10
Calculate the greatest common divisor of 124 and 4.
4
Calculate the highest common divisor of 148 and 116.
4
What is the greatest common divisor of 39567 and 1815?
363
What is the highest common divisor of 11 and 23243?
11
What is the greatest common divisor of 4961 and 363?
121
Calculate the greatest common factor of 225 and 531.
9
Calculate the greatest common factor of 193 and 5.
1
Calculate the highest common divisor of 94236 and 12.
12
What is the highest common divisor of 1954 and 2?
2
Calculate the highest common divisor of 2759 and 89.
89
Calculate the highest common factor of 42 and 1974.
42
Calculate the highest common factor of 33 and 66.
33
What is the greatest common factor of 1468 and 13579?
367
Calculate the greatest common divisor of 12493 and 52.
13
Calculate the highest common factor of 14 and 350.
14
What is the greatest common divisor of 240 and 80?
80
What is the greatest common factor of 120 and 465?
15
Calculate the highest common divisor of 26 and 117.
13
Calculate the greatest common divisor of 77 and 11165.
77
What is the highest common factor of 7968 and 96?
96
What is the greatest common factor of 485 and 25?
5
What is the highest common divisor of 14 and 49?
7
Calculate the highest common divisor of 52 and 39.
13
Calculate the highest common factor of 114 and 2983.
19
Calculate the highest common divisor of 882 and 98.
98
What is the highest common divisor of 117 and 657?
9
Calculate the highest common factor of 378 and 84.
42
What is the greatest common divisor of 32 and 7?
1
Calculate the highest common divisor of 16 and 33992.
8
What is the greatest common factor of 30 and 48390?
30
Calculate the greatest common divisor of 104 and 1274.
26
What is the greatest common factor of 96 and 1568?
32
What is the highest common divisor of 446 and 20?
2
Calculate the greatest common divisor of 31395 and 91.
91
What is the greatest common factor of 39 and 273?
39
What is the highest common divisor of 70 and 10?
10
What is the highest common factor of 23 and 23?
23
What is the greatest common divisor of 78 and 1794?
78
What is the highest common divisor of 760 and 1976?
152
Calculate the highest common divisor of 5661 and 765.
153
What is the highest common factor of 35 and 14?
7
What is the greatest common divisor of 567 and 5346?
81
What is the highest common divisor of 1118 and 26?
26
What is the greatest common factor of 238 and 14?
14
What is the highest common factor of 48 and 1808?
16
What is the greatest common divisor of 24 and 592?
8
Calculate the highest common factor of 34 and 1054.
34
Calculate the highest common factor of 10 and 265.
5
Calculate the highest common factor of 406 and 14.
14
What is the highest common factor of 495 and 5665?
55
What is the greatest common divisor of 744 and 930?
186
Calculate the highest common divisor of 285 and 15.
15
Calculate the greatest common divisor of 3840 and 120.
120
Calculate the greatest common divisor of 78 and 4394.
26
What is the greatest common divisor of 165 and 385?
55
Calculate the greatest common divisor of 12 and 9.
3
What is the highest common divisor of 72 and 189?
9
What is the highest common divisor of 21 and 112?
7
Calculate the highest common divisor of 17 and 28883.
17
What is the highest common factor of 98 and 182?
14
What is the highest common factor of 1357 and 59?
59
What is the greatest common factor of 1 and 999?
1
Calculate the greatest common factor of 138 and 69.
69
What is the greatest common divisor of 50 and 325?
25
Calculate the highest common divisor of 81 and 12609.
27
Calculate the greatest common factor of 14 and 1778.
14
What is the highest common divisor of 226 and 30623?
113
What is the greatest common factor of 10 and 155?
5
What is the greatest common factor of 29 and 5713?
29
What is the highest common divisor of 72 and 6456?
24
What is the highest common factor of 6767 and 1616?
101
What is the highest common divisor of 6534 and 162?
54
What is the greatest common divisor of 17 and 7?
1
What is the highest common factor of 107 and 214?
107
Calculate the greatest common divisor of 266 and 2242.
38
Calculate the greatest common divisor of 28 and 1057.
7